ulate r(y).
-4
Let p(z) be the third derivative of -z**5/60 + 7*z**4/8 - 7*z**3/3 + 511*z**2. Calculate p(20).
6
Let m(v) = -2 - v - 10*v + v**2 - 4*v + 9*v. Let l = 19 - 13. Determine m(l).
-2
Suppose -1061*p - 60 = -1067*p. Let o(d) be the first derivative of 2/3*d**3 - p + 4*d + 4*d**2. What is o(-5)?
14
Let a(o) be the second derivative of o**4/12 + 7*o**3/6 - 7*o**2/2 + 200*o + 1. Let m be (-42)/(-4)*(-2)/3. What is a(m)?
-7
Let b(p) = -2*p**2 + 7*p - 6. Let y = 10 + -5. Let r(d) = -3*d**2 + 11*d - 9. Let h(u) = y*r(u) - 8*b(u). Give h(3).
9
Let f = -28 + 31. Let l(b) = b - b - 3*b + b - f*b**2. What is l(2)?
-16
Let x(l) = 6*l - 3. Let o(u) = -u**3 + 3*u**2 + u - 3. Let j be o(3). Let r = 38 - 34. Suppose j + r = 2*z. Give x(z).
9
Suppose -114*u = -105*u - 36. Let d(s) = -5*s + 6. Determine d(u).
-14
Let l = 436 + -434. Let v(k) = 3*k**2 + 2. What is v(l)?
14
Let j(x) = -3*x - 3. Let z = -49 + 47. What is j(z)?
3
Suppose 0 = 64*g - 55*g + 9. Let o(n) be the second derivative of -2*n**3 + n**2/2 + 2*n. Calculate o(g).
13
Let d = 18 - 3. Let o(g) = g - 10. Let m be o(d). Let r(v) = v**3 - 6*v**2 + 22*v + 0*v**2 - 2 - 18*v. What is r(m)?
-7
Suppose -4*h + 5*h - 8 = 0. Let z be 3 - (-2 + h) - (4 - 11). Let i(l) = -l**3 + 6*l**2 - 3*l - 3. Calculate i(z).
17
Let z(v) be the first derivative of -v**2/2 - v - 18. Calculate z(-3).
2
Let t(i) = -2*i**2 - 18*i - 34. Let x be t(-5). Let v(m) = m**3 - 5*m**2 + 3*m + 4. Calculate v(x).
58
Suppose -5*p - 18 = -23. Let s be ((-2)/6*p)/(7/(-105)). Let z(m) = -m**2 + 5*m + 6. What is z(s)?
6
Let p = 15 - 9. Let c(b) = -b + 13 + 6 + 10 - 16. Give c(p).
7
Let u = 21 + -10. Let t(m) = -u*m - 4 + 36*m - 8*m - 12*m. Calculate t(4).
16
Let i = 0 + 2. Let q be 1*(i - (-3 - 0)). Suppose 5 = q*m - 3*h, h + 8 = -5*m - 7. Let u(n) = -5*n - 2. What is u(m)?
8
Let j be 32/(-112) + 142/7. Suppose -j = -11*q + 6*q. Let f(w) be the first derivative of w**2 - 5*w - 1. Calculate f(q).
3
Let d(n) = -11*n**3 + 13*n**2 - 38*n. Let m(s) = -13*s**3 + 14*s**2 - 46*s + 2. Let a(v) = 6*d(v) - 5*m(v). Let q(f) = 4*f. Let y be q(2). Give a(y).
6
Let p(o) = -16*o + 2. Let l(w) = 17*w - 3. Let n(g) = -4*l(g) - 3*p(g). Determine n(2).
-34
Suppose -d = -2*y + 9, 3*d + d = -y + 9. Let m(l) = -1 + d - 5*l. Suppose -5*k = 5*a - 25, 17 = -23*k + 18*k + 2*a. Give m(k).
5
Let v(r) = -r**3 - 2*r**2 + r - 1. Let q = 2 - 6. Let t be q/1 + -2 + 4. Calculate v(t).
-3
Let z(b) = b**2 - b + 1. Let i be z(2). Let t(v) = -v**2 + 2*v + 6. Let s be t(i). Let w(q) = -q**2 + 5*q - 4. Give w(s).
2
Suppose f - 2 = 2*z, -4*f + 7 = -1. Let p(r) = -1 - 2*r**2 + r**2 + 0*r + z*r. Determine p(2).
-5
Let y(g) = -g**2. Let u(s) = -3*s**2 + 8*s - 2. Let m(a) = -u(a) + 2*y(a). Let d be (3 - 0)/((-3)/8*-1). Give m(d).
2
Let q(u) be the first derivative of -u**3/3 + 11*u**2/2 - 4*u + 203. Determine q(12).
-16
Let u(r) = -303*r + 2*r**2 + r**3 + 152*r - r**2 + 150*r. Give u(0).
0
Let w(r) = -46*r**3 + 14*r**2 + 25*r - 37. Let v(c) = 16*c**3 - 5*c**2 - 9*c + 13. Let j(i) = -17*v(i) - 6*w(i). Give j(-2).
-33
Let t(o) be the first derivative of o**3/3 + 3*o**2/2 + 4*o + 6. Let a be t(-3). Let k(h) = h**3 + a + 2*h - 10*h**2 - 2*h + 5*h**2. What is k(4)?
-12
Let o be (-5)/2*(5 + -3). Let m(u) = -u**3 - 8*u**2 - 2*u + 1. Let k be m(-8). Let j(r) = 3*r - 21 + 0*r - 4*r + k. What is j(o)?
1
Let f = 1548 + -1038. Let m(k) = -510 - 14*k + f. What is m(-1)?
14
Let j(o) = 48*o - 25. Let r(i) = 73*i - 39. Let h(x) = -8*j(x) + 5*r(x). What is h(3)?
-52
Suppose 0 = 4*j + 3*b + 3, 2*b = -4*j - 2*b. Let l be j - -6*(-3 + 4). Let f(m) = m**2 + 3 + m + 3*m**3 - 2 - m**l - 3*m**3. Give f(0).
1
Let t = -841 - -835. Let d(s) = -s**3 - 5*s**2 + 5*s - 4. Calculate d(t).
2
Let w(d) be the second derivative of d**5/20 + d**3/6 - 2*d**2 + 86*d. Determine w(0).
-4
Let r(g) be the first derivative of -g**3/3 - g**2 + 7*g - 52. Calculate r(-5).
-8
Let j(b) = 5*b + 14 + b**2 - 36 + 11 + 14. Let l be j(-3). Let k(i) = 0 + 2*i**2 + 1 + 5*i - 3*i - i**2. Give k(l).
4
Let k be 24/20 + -1 + 1377/15. Suppose -5*s = -57 + k. Let z(p) = p**3 + 8*p**2 + 7*p - 9. Give z(s).
-9
Let g(q) = -4 - 11*q**3 + 2*q + 21*q**3 - 6*q + 5*q**2 - 9*q**3 + 9. Determine g(-6).
-7
Suppose -4*h = -2*t + 46, 5*t + 5*h = 24 + 31. Suppose -t = -2*x - x. Let z(l) = x*l - 3*l + l - 4 - 3. Determine z(5).
8
Let g(b) = 4*b + 12. Let m(i) be the third derivative of -i**4/12 - i**3 - 2*i**2. Let t(c) = 4*g(c) + 9*m(c). Determine t(-4).
2
Suppose -3*s = 3*r + 2*r, 0 = 4*r - 4*s - 32. Suppose r*w = 2 + 4. Let y(g) = -6*g. Calculate y(w).
-12
Let d(b) = 0*b - b**2 + b - 8*b - 2. Suppose 9*s - 18 + 45 = 0. What is d(s)?
10
Suppose -5*y = 44 + 41. Let a(s) = -14*s - 5. Let h(z) = -5*z - 2. Let b(o) = y*h(o) + 6*a(o). Calculate b(-5).
-1
Let h(n) = -n**3 - 7*n**2 - 5*n - 4. Suppose 5*w + 1435 = 3*c, -w - 4*c = w + 600. Let x be 1769/w - (-1)/10. Determine h(x).
-10
Let m(n) = 5*n + 5 - 3*n - 2*n - n. Let z be (2/(-4))/(134/1340). Determine m(z).
10
Let a(c) be the second derivative of c**5/20 + c**4/3 - 7*c**3/6 - 5*c**2/2 - 139*c. Determine a(-4).
23
Let w(b) = b**3 - 9*b**2 - b + 11. Suppose -2*y = 2*f - 16, -4*f - 76 = -5*y - 27. Let u be w(y). Let o(h) = -3*h**3 + 3*h**2 - 1. Calculate o(u).
-13
Let n(l) = 2*l**2 - 5*l + 3. Let s(v) = -6*v - 33. Let c be s(-7). Suppose c*h = 25 + 2. Give n(h).
6
Suppose -10*h + 25 + 15 = 0. Let l(m) = m**2 - 10*m + 5. Calculate l(h).
-19
Let d = 3 - 1. Let r(c) = 0*c - 5 + 4*c - d*c. Let v be (8/(-12))/(-2 + 55/30). What is r(v)?
3
Let k(m) = 9*m + 6. Let v(h) = 16*h + 12. Let f(a) = -7*k(a) + 4*v(a). Determine f(-10).
-4
Suppose 5*q + 0*q = u - 20, -3*u = q + 4. Let k = -7 - q. Let l(n) be the second derivative of n**4/12 + 2*n**3/3 + 3*n**2/2 - 2*n. Give l(k).
0
Suppose -5*v - 45 = -5*y, -4*y - 6 = -y. Let k = v + 20. Let l(h) = -h**3 + 9*h**2 + h - 10. What is l(k)?
-1
Let d(t) = t - 6. Let v be d(5). Let o = v + 0. Let g(w) be the first derivative of -9*w**4/4 + 15. Determine g(o).
9
Let s(h) be the second derivative of -h**5/5 + h**4/6 + h**3/3 - 3*h**2/2 + 3*h + 14. Give s(2).
-23
Let j(y) = y**3 + 10*y**2 + 8*y - 18. Let d be 32*(-7)/14 - 14/(-2). Give j(d).
-9
Let j(v) = -10*v + 41. Let t be j(4). Let r(c) = -t + 385*c + 381*c - 767*c. Give r(-4).
3
Suppose 13 = -0*r - r. Let p(i) = -i**2 - 13*i + 5. Let k be p(r). Let n be 1/(k/10) + 2. Let l(x) = -x**2 + 3*x - 1. Calculate l(n).
-5
Let y = -57 - -59. Let b(q) = q**2 - 5*q + 1. Give b(y).
-5
Let r(i) = 2*i**3 + 34*i**2 - 4*i - 19. Let o(v) = v**3 + 16*v**2 - 2*v - 9. Let x(q) = -13*o(q) + 6*r(q). Give x(-4).
-5
Let i(k) = k**3 - 7*k**2 + 2*k - 9. Suppose 16 = 15*y - 11*y. Suppose 0 = p - m - 2, 7*p + y*m = 2*p + 55. Calculate i(p).
5
Let d(m) = -11*m + m - 12 + m + 8*m. What is d(5)?
-17
Let t(z) = -4 + 10*z**2 + 6*z**2 - 37*z**2 + 4*z + 9*z**2 + 14*z**2. What is t(-4)?
12
Let v(m) = -5697*m**2 - 7*m + 2850*m**2 + 2846*m**2 - 11*m - 23. Determine v(-17).
-6
Let n(g) = -g**2 - 8*g - 5. Let y = 13 + -3. Let l = y + 1. Suppose 3*h + l = -10. Give n(h).
2
Let k(g) = -4*g - 6. Let v = 1695 - 1695. Calculate k(v).
-6
Let p(a) = -a + 17. Suppose -9*i = 18*i - 486. What is p(i)?
-1
Let q(k) be the second derivative of -k**5/60 + k**4/6 - k**3/6 + 13*k**2/2 + 4*k. Let w(j) be the first derivative of q(j). Calculate w(5).
-6
Suppose 24 = 2*v - 6*v. Let g be (3/2)/((-6)/(-8)). Let t(s) = -s**2 + s**3 - 5 + 5*s + 0*s**2 + 8*s**g. Determine t(v).
1
Let n(w) = -3 + 3 - 3 + 72*w - 73*w - 3. What is n(17)?
-23
Let k be ((-2)/4 + -1)/(42/(-140)). Let o(c) = -c + 3. Determine o(k).
-2
Let y(h) = h**2 - 5*h + 4. Let j be 2/((-16)/28)*(-3 + 1). Calculate y(j).
18
Let l(p) = -p**3 + 8*p**2 - 7*p - 3. Let z(a) = -a + 7. Let h be z(0). Let r be l(h). Let i(k) = k**2 - 1. Determine i(r).
8
Let b(m) = -10*m**2 - 1. Let k(r) = -2*r + 35. Let a be k(17). Determine b(a).
-11
Suppose 4*h - 4 = -3*n, 4*h = h - 3*n. Let r(x) = -x**2 + 7*x + 2. What is r(h)?
14
Let i(y) be the first derivative of y**4/4 - 3*y**3 + 10*y - 182. Calculate i(9).
10
Suppose -5*x + 4 = 3*c - 30, 8 = 4*x - 4*c. Let r(h) be the first derivative of -2*h**2 - 5 + 1/3*h**3 - x*h. What is r(4)?
-5
Let j(y) be the second derivative of 6*y - 7/6*y**3 + 0 - 1/2*y**2 - 1/12*y**4. What is j(-6)?
5
Let r